i - 3*i - 72. Let t be q(i). What are the prime factors of 3 + 104/(-40) - 133/t?
3
Suppose -4*l - 65 = c, 0 = 2*c - 3*l + 122 - 14. Let h(m) = 65*m**2 - 46*m - 45. Let j be h(-1). Let x = j + c. What are the prime factors of x?
3
Suppose 5*m - 10938 = 5*v - 7*v, 2191 = m - 3*v. Suppose 8*k - m = 300. List the prime factors of k.
311
Let x(l) = 6004*l + 167. What are the prime factors of x(2)?
5, 487
Suppose -r = 94 - 99. Suppose 518 = 9*y + r*y. List the prime factors of y.
37
Suppose -3*w - 12160 = 14*w - 174544. List the prime factors of w.
2, 3, 199
Suppose 4*d + 44 = -36. Let s = 260 - d. List the prime factors of s.
2, 5, 7
Let f = 60 - 72. Let m be (-9)/f + (-2548)/(-16). Suppose -2*r - 18 = -m. What are the prime factors of r?
71
Let h(t) = -4*t**2 + 312*t + 255. Let j be h(79). Suppose 700 = s - 5*s. Let a = j - s. List the prime factors of a.
2, 3, 19
Let m = -37 - -39. Let p(h) = -m*h - h**3 + 24*h**2 - 7*h**2 - 9*h + 12. List the prime factors of p(16).
2, 23
Let z = 14614 + -9893. What are the prime factors of z?
4721
Suppose 31*j + 69*j - 8360677 = -2817477. What are the prime factors of j?
2, 13, 41
List the prime factors of (-866)/((18/(-396))/((-4)/(-8))).
2, 11, 433
Let j be (-2 - -19)/(2/8). Let w = -66 + j. What are the prime factors of (-728)/13*(w - 10/4)?
2, 7
Let d(w) = 3*w + 91. Let t = -7 - -7. Let k be d(t). Let q = k + -34. What are the prime factors of q?
3, 19
Suppose 5*u = 3*a + 70370, 5*u - 753*a - 70370 = -748*a. List the prime factors of u.
2, 31, 227
Suppose 4*m = o - 7968, -39750 = -5*o - 6*m + 8*m. List the prime factors of o.
2, 1987
Let a(d) = 2*d**3 + 8*d**2 - 7*d + 1. Let r(c) = c**2 + 5*c - 7. Let n be r(0). Let i be a(n). Let p = i + 413. List the prime factors of p.
13
Let z = 675 - 667. Suppose 0*k - 5*k = -f - 272, 5*f = -5*k + 260. Suppose -z*m = -5*m - k. List the prime factors of m.
2, 3
Suppose -129*c + 39333 = -122*c. List the prime factors of c.
3, 1873
Let c = -6306 + 86817. List the prime factors of c.
3, 47, 571
Let g(c) = 3*c - 23*c**3 + 36 - 40 - 5*c**2 + 7*c**2. What are the prime factors of g(-4)?
2, 3, 31
Let q be 321 + (0/(-6) - 3)/3. Suppose 4*b - 3*c + 771 = 0, 0*b + c = b + 194. Let y = q + b. List the prime factors of y.
131
Suppose -a + 11 = -0*a. Suppose -6*t - a = 1. List the prime factors of t - (-61)/1 - -2.
61
Let w(v) = -v**3 - 7*v**2 - 5*v + 12. Let r be w(-6). Suppose 5*i - r = 9. Suppose 0*q - 33 = -i*q. List the prime factors of q.
11
Suppose -95*d - 575756 + 2172182 = -1296229. What are the prime factors of d?
30449
Let j = 29 - 32. Let i(l) = -3*l**3 + 2*l**2 + 5*l + 6. Let t be i(j). Suppose 3*w - 27 = -3*g + t, 2*w + 3*g - 78 = 0. What are the prime factors of w?
3, 13
Suppose 3*d + 56 = -64. Let v = d + -44. Let b = 168 + v. List the prime factors of b.
2, 3, 7
Let l(v) = -4 + 322*v - 40*v - 216 - 21*v. List the prime factors of l(4).
2, 103
Let b(a) = 45*a + 16. Let o = 23 + -21. Let v be (1 - 5/o)*(4 + -6). List the prime factors of b(v).
151
Let a = 47229 - -375. What are the prime factors of a?
2, 3, 3967
Suppose 2*z + 4*g = 1660, 17*z - 21*z - 5*g = -3320. What are the prime factors of z?
2, 5, 83
Suppose 0 = -6*o + 2317 + 2747. Let n = o + -580. What are the prime factors of n?
2, 3, 11
Let d = -68 - -78. List the prime factors of 1332/d*50/30.
2, 3, 37
Suppose 3*s + m = 7, -3*s - 2*s + 3*m + 21 = 0. Let z be (-4405)/(-15) + (-2)/3. Suppose s*r + 376 = 5*n, 5*r + z = 3*n + n. List the prime factors of n.
7, 11
Let y = -9368 + 16963. What are the prime factors of y?
5, 7, 31
Suppose 5*x - 19 = -5*v + 1, 29 = 5*x - 4*v. Suppose i = -x*r + 3*r + 310, -3*i + 471 = 3*r. List the prime factors of r.
3, 17
What are the prime factors of ((-45)/21*(-7)/2)/(5/14510)?
3, 5, 1451
Let n(d) = -d + 20. Let q(o) = 4 - 1 + 1 - 5. Let b(k) = n(k) + 5*q(k). List the prime factors of b(10).
5
Suppose -5*n - 1142 = -58*r + 55*r, 5*r - 1854 = -4*n. Let o(p) = p - 7. Let z be o(7). Suppose z = -18*a + 20*a - r. What are the prime factors of a?
11, 17
Let d = 104 + -102. Suppose -4*h = 5*b + 29, -2*b - 11 = d*h - 3*b. List the prime factors of 2246/10 + ((-72)/(-20))/h.
2, 7
Let h(i) = 3*i**3 + 15*i**2 - 5*i + 2. Let x(f) = -f**3. Suppose l = 4*o - 9, 3*o - 8*o + 15 = -5*l. Let y(j) = l*h(j) - x(j). List the prime factors of y(-8).
2, 11
Suppose -1737 + 70013 = 7*d + 5325. What are the prime factors of d?
17, 23
Let d(a) = 43*a + 17. Suppose 0 = 3*z + 9, 10 = 4*y - 2*z - 56. What are the prime factors of d(y)?
2, 331
Suppose 157*o - 5*h = 155*o + 41689, 0 = -5*o - h + 104128. List the prime factors of o.
59, 353
List the prime factors of 1194/9 + (-34)/51.
2, 3, 11
Suppose -164*w + 157930 = 18*w - 349304. What are the prime factors of w?
3, 929
Let m(w) = w**3 - 17*w**2 - 18*w + 5. Let l be m(18). Suppose l*p = 88 + 12. Suppose p - 87 = -r. What are the prime factors of r?
67
Let t(v) = 84*v**3 - 14*v**2 + 17*v - 7. What are the prime factors of t(3)?
2, 1093
Let y(v) = -19 + 2 - 21 + 8*v. Suppose 159 + 33 = 32*f. List the prime factors of y(f).
2, 5
Let s be 33/22 - 118/(-4). Let h = -28 + s. Suppose 390 = 2*q + h*q. List the prime factors of q.
2, 3, 13
Let j(l) = l**3 + 5*l**2 + 15*l - 30. Let h be j(9). Let m = 1989 - h. List the prime factors of m.
2, 3, 5
Suppose -17*d + 3953 = -6264. Let b = 972 - d. List the prime factors of b.
7, 53
Suppose 0 = -4*t - 18*k + k + 74971, -4*t = -k - 75061. What are the prime factors of t?
2, 4691
Let r be ((-3)/(6/11))/((-10)/940). List the prime factors of 2/18*(-2 - r)*-6.
2, 173
Let g = -101 - -106. Suppose -11004 = -19*o + g*o. What are the prime factors of o?
2, 3, 131
Suppose -5*l + 2*t + 132 = 0, -4*l + 4*t = l - 124. Suppose 3*m - 2 = 3*x + l, -2*m + 5 = -5*x. What are the prime factors of m?
3, 5
List the prime factors of ((-138089)/(-21))/(279/54 - 5).
2, 19727
Let l(p) = p**3 - p**2 - 6*p - 4497. Let g be l(0). What are the prime factors of 6 + 75/(-10) - g/6?
2, 11, 17
Suppose 0 = -3*j, -z + 21 + 606 = j. Let b = -396 + z. List the prime factors of b.
3, 7, 11
Let b(j) = -2*j - 1 + 17 - 32*j. Let i be ((-8)/(-10))/(8 + (-1464)/180). List the prime factors of b(i).
2, 5, 11
Let u(o) be the second derivative of -o**4/12 + 9*o**3/2 + 15*o**2/2 - o. Suppose 269*s - 272*s = -4*y - 97, 0 = y + 7. List the prime factors of u(s).
107
Let f(q) = -3*q**2 + 3*q + 32. Let o be f(-9). Let g = o - -1284. List the prime factors of g.
2, 523
Suppose -r - 1 = 2*f, -8*r - 4*f - 32 = -12*r. Let k be (1/1 - -1) + -10. What are the prime factors of (12/k)/(r/(-120))?
2, 3
Suppose 6*m = -4*m + 2190. Suppose -2361 + m = -7*p. Suppose 0*r - r - 3 = 0, 3*d - 2*r = p. List the prime factors of d.
2, 5
Let h be (6 - 60/5) + 11. Suppose h*q - 64 = 306. List the prime factors of q.
2, 37
Let o be (-578)/4*((-18)/(-3) + -40). Suppose -8*l + o = 9*l. List the prime factors of l.
17
Suppose 3*x = 2*d + 2*x - 43, 4*d + 4*x - 104 = 0. Let h = d - 19. What are the prime factors of (2/h)/(7/2688)?
2, 3
Let a(p) = -117 + 210*p + 28 + 51*p - 29. List the prime factors of a(6).
2, 181
Suppose 3*g + 15 = 18. Suppose 4*s + 4*l = 44, -2*s + 19 = -2*l + g. Suppose -s*p = p - 275. List the prime factors of p.
5
Let q(y) = 12*y - 63. Let h be q(15). Let i = 121 - h. List the prime factors of (146 - (-1 - i - -2)) + 3.
2, 19
Let v(a) = a**2 - 8*a - 33. Let w be v(10). Let h = w - -45. Let q = 55 + h. What are the prime factors of q?
3, 29
Let r(f) = 3*f + 42. Let x be r(-9). Suppose x*z - 3149 + 419 = 0. List the prime factors of z.
2, 7, 13
Suppose 0 = 4*n + 20, m + 6*n = n - 22. Let c(t) = -t**3 - 8*t**2 - 6*t + 13. Let z be c(-7). Suppose m + z = -3*w, -g = 2*w - 215. List the prime factors of g.
13, 17
Let m(z) be the third derivative of z**7/360 - 17*z**6/720 - z**5/20 + 16*z**2. Let o(j) be the third derivative of m(j). List the prime factors of o(10).
3, 41
Let a = 53798 + -21353. What are the prime factors of a?
3, 5, 7, 103
Suppose -j - 24 = -146. Suppose 2*v + 2*v - j = k, 5*v = -3*k + 144. Suppose -26*m = -v*m + 292. List the prime factors of m.
73
Suppose -25*o + 334629 = -987946. What are the prime factors of o?
52903
Let a(b) = 270*b**2 - 104*b + 331. List the prime factors of a(3).
31, 79
Let f(k) = -275*k - 4137. What are the prime factors of f(-45)?
2, 